 common divisor of g and 36.
12
Let o(j) = -5*j - 6. Let d be o(-2). Let c be (-6)/4*(-50)/(-15). Let f be (-6)/2*c + 1. What is the highest common factor of d and f?
4
Let x be 427/1 - (-59 - 4)/(-9). What is the highest common divisor of x and 600?
60
Let s(a) = -a**3 + 11*a**2 + 11*a + 15. Let g be s(12). Suppose 2*j - 37 = -6*f + f, -j - 49 = -5*f. What is the greatest common factor of f and g?
3
Let y be ((-2)/4)/(5/10). Let q be (0 - (-2 - y))*-4. Let f = q + 27. What is the highest common divisor of f and 184?
23
Let q(z) = -6*z**2 + 3*z. Let p be q(-3). Let y = 107 + p. Suppose 4*c = y + 8. What is the greatest common divisor of c and 117?
13
Suppose 4*q + 125 = 161. Let k(a) = -a**2 - 6*a + 2. Let b be k(-6). Suppose b*f = -f + 9. Calculate the greatest common divisor of f and q.
3
Let a(t) = t**2 - 2*t + 7. Let v be a(3). Let i = v - 3. Suppose -115 = -i*b + 81. What is the highest common divisor of b and 70?
14
Let w = -55 - -80. Let s be -2 + 36/15 - (-2988)/30. Calculate the greatest common divisor of w and s.
25
Let v(x) = x - 1. Let g be v(5). Suppose g*a - 49 = 43. Suppose o - 2*o + 2*h + 23 = 0, -5*o + h = -115. What is the greatest common divisor of o and a?
23
Let u(q) = q**2 + 38*q + 258. Let b be u(-39). Calculate the highest common factor of b and 22.
11
Suppose 3*h = 2*j - 6208, -2*h - 835 = 3*j - 10147. What is the highest common factor of 32 and j?
32
Let t = -1320 - -1336. What is the greatest common divisor of t and 20?
4
Suppose -32*d = -28*d - 8, -z + d = -960. Calculate the highest common divisor of z and 26.
26
Let i(v) = -10*v**2 - 11 - 13*v**3 - 20*v**3 - 37*v + 34*v**3. Let r be i(13). What is the greatest common divisor of 15 and r?
15
Let z be -12*(1 + (-8)/6). Let c be (2 + -1)/(z/68). What is the greatest common divisor of 17 and c?
17
Let o = 193 - 183. Suppose -2*i = -4*g + 436, -2*i = -0*g - 3*g + 326. Calculate the greatest common factor of g and o.
10
Let b be 144/(-36)*-4*1. Calculate the greatest common factor of b and 36.
4
Let d = 225 + -105. Let r be 7 + 40/8 + 3. What is the highest common divisor of r and d?
15
Let p be ((-99)/(-6))/((-2)/(-12)). Let w = 222 - 211. What is the greatest common factor of w and p?
11
Suppose -101*i = -96*i - 35. What is the greatest common factor of i and 91?
7
Let j = 27 - 30. Let p be j + (-6 - (-15)/5). Let q be (-224)/(-3) + (-2)/p. Calculate the highest common factor of 15 and q.
15
Let i(g) = g**2 + 7*g + 64. Let z be i(0). Calculate the highest common divisor of 8 and z.
8
Suppose 4*h = 5*g - 3 - 37, g - 8 = -4*h. What is the highest common factor of g and 10?
2
Let f = -337 + 359. What is the highest common factor of 286 and f?
22
Let v(w) = w**3 + 4*w**2 - 6*w + 15. Let m be v(-5). Calculate the greatest common factor of 5 and m.
5
Let b(y) = -11*y**2 - 3*y**3 + 10*y + 0*y**3 - 2 + y**2 + 4*y**3. Let j be b(9). Calculate the highest common divisor of 63 and j.
7
Let j(n) = -n**3 + 17*n**2 - 13*n - 21. Let z be j(16). What is the greatest common factor of 18 and z?
9
Let l be ((-16)/(-104))/((-4)/(-52)). Calculate the greatest common divisor of 150 and l.
2
Suppose -114 = -3*x - 3*j, -2*x = -0*j + 3*j - 72. What is the highest common factor of 182 and x?
14
Let x be 279/18 + (-30)/(-12). What is the highest common factor of x and 810?
18
Let c(g) = 5*g**2 + 18*g + 6. Let k be c(-7). Suppose -28*m + k = -23*m. What is the highest common factor of 225 and m?
25
Let n be ((-3)/2)/(24/(-4672)*2). Let x = -34 + n. What is the greatest common factor of x and 7?
7
Let x(m) = m**3 - 4*m**2 - 11*m - 3. Let h be x(6). Let u(f) = f + 1. Let n be u(7). Suppose -4*i + n*i = 84. What is the highest common divisor of h and i?
3
Suppose 0 = -3*z + d + 34, -3*z - 4*d + 40 = -2*d. Let p(f) = 43*f**2 + 28*f - 29. Let n be p(1). Calculate the highest common divisor of n and z.
6
Let w(k) = -k**3 + k**2 + 21*k + 15. Let r be w(5). What is the greatest common divisor of 450 and r?
10
Let a(h) = h**3 + 31*h**2 - 33*h - 22. Let w be a(-32). Calculate the highest common factor of 430 and w.
10
Let k = 23 - 33. Let c = k - -6. Let w be (-5 - c) + -1 - -12. Calculate the greatest common divisor of 2 and w.
2
Suppose 4*n + 2*z - 1423 = 3*z, -2*n - 3*z + 729 = 0. Calculate the highest common divisor of n and 42.
21
Suppose 0*m - 5*f - 61 = -4*m, 0 = 2*m - 3*f - 33. Let w(p) = p + 18. Let g be w(-17). Calculate the greatest common factor of g and m.
1
Let s = -2654 - -2659. What is the highest common factor of 865 and s?
5
Suppose 9 = 2*z - 9. Suppose -4*j + 12 = -8*j, 2*j + 78 = 2*o. What is the greatest common factor of o and z?
9
Let g(x) = 4*x + 2. Let c(s) = 4 + 4 - s**3 + 3*s**2 - 2*s**2. Let m be c(0). Let k be g(m). What is the highest common factor of 17 and k?
17
Suppose 20 = 3*f + 3*l - 19, 33 = 3*f - 3*l. Let v(x) = -x**2 + 4*x + 1. Let c be v(6). Let k = c + f. What is the highest common divisor of 5 and k?
1
Suppose -92*k + 93*k = -17. Let s be 1*-1 + (k - -32). What is the highest common divisor of s and 154?
14
Let h = -24 - -60. Let l be 0/(-14)*2/6. Suppose 9*a - 5*a - 1296 = l. What is the greatest common factor of a and h?
36
Suppose 2*h + 44 = 4*h. Suppose -3*f = -84 + 915. Let q = 475 + f. What is the greatest common factor of h and q?
22
Suppose -8*f = -7*f - 560. What is the highest common divisor of 70 and f?
70
Let m(c) = -4*c**3 + c + 1. Let j be m(-1). Let i = -8 + j. Let y be (-87)/i - (-3)/12. Calculate the greatest common factor of y and 33.
11
Suppose -2*o - 2*m = 42, -3*m + 4*m = 3. Let b = o + 24. Suppose 0*c = 3*c - z - 88, -c - 2*z + 34 = b. What is the greatest common divisor of 6 and c?
6
Suppose -4*w + 3*d = -60 - 200, 0 = 2*d. Suppose -4*u = -0*u - 20. What is the highest common factor of u and w?
5
Let h = -705 + 729. What is the highest common factor of 160 and h?
8
Suppose 20*g - 23*g - 2*m + 28 = 0, -4*g + 2*m + 42 = 0. What is the greatest common divisor of g and 50?
10
Let s = -694 + 697. Calculate the greatest common divisor of 59 and s.
1
Let n(c) = -13*c - 66. Let b be n(-9). Suppose -19 - b = -5*x. Let h = 39 - 25. What is the greatest common factor of h and x?
14
Suppose -24*d + 888 = 13*d. Let i = -6 + 9. What is the highest common factor of i and d?
3
Suppose -1680 = -50*a + 42*a. What is the highest common divisor of 30 and a?
30
Let j = -25 + 31. Suppose 0 = -9*w + j*w. Suppose -6*g + w*g + 810 = 0. Calculate the greatest common divisor of g and 15.
15
Let u be ((-26)/(-10) + -3)/((-5)/150). What is the greatest common factor of u and 324?
12
Let j be 5 + (-9)/(-3) + -5. Suppose l - 3*g = j*l - 187, 3*g - 445 = -5*l. Calculate the highest common divisor of l and 129.
43
Let s = -147 - -196. Calculate the greatest common divisor of s and 2009.
49
Let z be (-1884)/(-2) - 0 - -3. Calculate the highest common factor of z and 210.
105
Let z(n) = -n**2 + 12*n - 18. Let s be z(4). Let y be 10/35 - (-3228)/21. Calculate the greatest common divisor of s and y.
14
Suppose -3*c = 2*c - 30. Let r = 36 - 32. Let h be 1*-24*((-2)/r - 0). What is the highest common divisor of c and h?
6
Let s = 54 + -27. Let m = -109 + 181. Suppose -7*x = -11*x + m. What is the greatest common factor of s and x?
9
Suppose -x + 2*m + 551 = 56, -2*m + 1990 = 4*x. Calculate the greatest common factor of x and 71.
71
Let y be ((-112)/49)/(-8)*63/3. What is the greatest common divisor of 1038 and y?
6
Let r be (-1 - (-23)/2)*-2. Let i = r + 21. Suppose -3*m + 147 = -7*h + 2*h, i = -2*h - 6. Calculate the highest common divisor of 22 and m.
22
Let t = 26 - 21. Let x(h) = -h**2 - 7*h + 4. Let w be ((-3)/6)/((-2)/(-24)). Let o be x(w). What is the highest common factor of o and t?
5
Let h(x) = -45. Let b(p) = 2*p + 135. Let t(k) = 4*b(k) + 14*h(k). Let q be t(12). What is the highest common divisor of 54 and q?
6
Let u be (9/5)/(9/60). Calculate the highest common divisor of u and 300.
12
Suppose 42*w = 73598 + 33502. What is the greatest common divisor of 102 and w?
102
Suppose -7*b = -0*b + 7. Let l be 230 - (-3 + (-2)/b). Calculate the highest common factor of 21 and l.
21
Let z be 3/(20/(-5) + 7). Let i(h) be the first derivative of 4*h**3 + h**2 - h - 1. Let y be i(z). What is the highest common divisor of 91 and y?
13
Let m = 551 + -226. Calculate the greatest